{"id":11379,"date":"2023-12-03T14:05:44","date_gmt":"2023-12-03T17:05:44","guid":{"rendered":"https:\/\/vimagazine.com.br\/?page_id=11379"},"modified":"2024-07-17T20:09:13","modified_gmt":"2024-07-17T23:09:13","slug":"vi-magazine-tv","status":"publish","type":"page","link":"https:\/\/vimagazine.com.br\/?page_id=11379","title":{"rendered":"Vi MAGAZINE &#8211; TV &#8211; Com Vitor Biannk"},"content":{"rendered":"\n<p><\/p>\n\n\n\n<p class=\"has-large-font-size\"><strong>Produtor de moda Vitor Biannk participou do desfile de moda da famosa Feira Preta, em S\u00e3o Paulo &#8211; SP.  <\/strong><\/p>\n\n\n\n<p>O produtor de moda Vitor Biannk participou no dia 23 de junho do desfile de moda da famosa Feira Preta, em S\u00e3o Paulo &#8211; SP.  <\/p>\n\n\n\n<p>Al\u00e9m de produzir os modelos da Mac Models, Vitor entrevistou o idealizador do projeto Alex Garcia e alguns modelos presentes. <br>O projeto intitulado Ubuntu  \u00e9 uma proposta colaborativa, com o 1\u00ba desfile de pessoas pretas, na Feira Afro para o mundo. A 2\u00aa edi\u00e7\u00e3o est\u00e1 prevista para agosto. <br>Confira o que rolou por l\u00e1:<br><br><\/p>\n\n\n\n<figure class=\"wp-block-video\"><video controls src=\"https:\/\/vimagazine.com.br\/wp-content\/uploads\/2024\/06\/Evento_-Ubuntu.mp4\"><\/video><\/figure>\n\n\n\n<p><\/p>\n\n\n\n<p>______________________________________________________ \/\/______________________________________________<\/p>\n\n\n\n<p><\/p>\n\n\n\n<p class=\"has-large-font-size\"><strong>A moda pelo olhar de Vitor Biannk <\/strong><\/p>\n\n\n\n<p class=\"has-medium-font-size\">Vitor Biannk no programa Papo em Dia, com a apresentadora Gisele Alves, mostra as tend\u00eancias de looks para festas de final de ano, da loja Brilho Mesquita da empres\u00e1ria Fl\u00e1via Reis, para Vi MAGAZINE., Confira: <\/p>\n\n\n\n<p><\/p>\n\n\n\n<figure class=\"wp-block-video\"><video controls src=\"https:\/\/vimagazine.com.br\/wp-content\/uploads\/2023\/12\/WhatsApp-Video-2023-12-14-at-12.45.35.mp4\"><\/video><\/figure>\n\n\n\n<p><\/p>\n\n\n\n<p><\/p>\n\n\n\n<p><\/p>\n\n\n\n<p><\/p>\n\n\n\n<figure class=\"wp-block-video\"><video controls src=\"https:\/\/vimagazine.com.br\/wp-content\/uploads\/2023\/12\/WhatsApp-Video-2023-12-03-at-13.43.19-1.mp4\"><\/video><\/figure>\n\n\n\n<figure class=\"wp-block-video\"><video controls src=\"https:\/\/vimagazine.com.br\/wp-content\/uploads\/2023\/12\/WhatsApp-Video-2023-12-03-at-16.47.39-1.mp4\"><\/video><\/figure>\n\n\n\n<p class=\"has-text-align-center\"><strong>Vitor Biannk na cobertura da edi\u00e7\u00e3o S\u00e3o Paulo Pocktet Fashion Show &#8211; do curso de moda da Est\u00e1cio de S\u00e1, com Silvio Pompeu que \u00e9 produtor, catwalk coach, palestrante e preparador do miss e mister Brasil.&nbsp;<\/strong><\/p>\n\n\n\n<figure class=\"wp-block-video\"><video controls src=\"https:\/\/vimagazine.com.br\/wp-content\/uploads\/2023\/12\/WhatsApp-Video-2023-12-03-at-17.13.55.mp4\"><\/video><\/figure>\n\n\n\n<p class=\"has-text-align-center\"><strong>Vitor Biannk entrevista a modelo Sthephany &#8211; que fez sua estreia na passarela do evento de moda da Est\u00e1cio de S\u00e1. @vi_magazine_<\/strong><\/p>\n\n\n\n<figure class=\"wp-block-video\"><video controls src=\"https:\/\/vimagazine.com.br\/wp-content\/uploads\/2023\/12\/WhatsApp-Video-2023-12-03-at-17.51.55.mp4\"><\/video><\/figure>\n\n\n\n<p class=\"has-text-align-center\"><strong>Vitor Biannk a convite da Vi MAGAZINE na cobertura do evento de moda da Est\u00e1cio de S\u00e1<\/strong> &#8211; S\u00e3o Paulo <\/p>\n","protected":false},"excerpt":{"rendered":"<p>Produtor de moda Vitor Biannk participou do desfile de moda da famosa Feira Preta, em&#8230;<\/p>\n","protected":false},"author":1,"featured_media":0,"parent":0,"menu_order":0,"comment_status":"closed","ping_status":"closed","template":"","meta":{"om_disable_all_campaigns":false,"_monsterinsights_skip_tracking":false,"_monsterinsights_sitenote_active":false,"_monsterinsights_sitenote_note":"","_monsterinsights_sitenote_category":0,"spay_email":""},"_links":{"self":[{"href":"https:\/\/vimagazine.com.br\/index.php?rest_route=\/wp\/v2\/pages\/11379"}],"collection":[{"href":"https:\/\/vimagazine.com.br\/index.php?rest_route=\/wp\/v2\/pages"}],"about":[{"href":"https:\/\/vimagazine.com.br\/index.php?rest_route=\/wp\/v2\/types\/page"}],"author":[{"embeddable":true,"href":"https:\/\/vimagazine.com.br\/index.php?rest_route=\/wp\/v2\/users\/1"}],"replies":[{"embeddable":true,"href":"https:\/\/vimagazine.com.br\/index.php?rest_route=%2Fwp%2Fv2%2Fcomments&post=11379"}],"version-history":[{"count":15,"href":"https:\/\/vimagazine.com.br\/index.php?rest_route=\/wp\/v2\/pages\/11379\/revisions"}],"predecessor-version":[{"id":14847,"href":"https:\/\/vimagazine.com.br\/index.php?rest_route=\/wp\/v2\/pages\/11379\/revisions\/14847"}],"wp:attachment":[{"href":"https:\/\/vimagazine.com.br\/index.php?rest_route=%2Fwp%2Fv2%2Fmedia&parent=11379"}],"curies":[{"name":"wp","href":"https:\/\/api.w.org\/{rel}","templated":true}]}}

<p></p>



<p class="has-large-font-size"><strong>Produtor de moda Vitor Biannk participou do desfile de moda da famosa Feira Preta, em São Paulo &#8211; SP.  </strong></p>



<p>O produtor de moda Vitor Biannk participou no dia 23 de junho do desfile de moda da famosa Feira Preta, em São Paulo &#8211; SP.  </p>



<p>Além de produzir os modelos da Mac Models, Vitor entrevistou o idealizador do projeto Alex Garcia e alguns modelos presentes. <br>O projeto intitulado Ubuntu  é uma proposta colaborativa, com o 1º desfile de pessoas pretas, na Feira Afro para o mundo. A 2ª edição está prevista para agosto. <br>Confira o que rolou por lá:<br><br></p>



<figure class="wp-block-video"><video controls src="https://vimagazine.com.br/wp-content/uploads/2024/06/Evento_-Ubuntu.mp4"></video></figure>



<p></p>



<p>______________________________________________________ //______________________________________________</p>



<p></p>



<p class="has-large-font-size"><strong>A moda pelo olhar de Vitor Biannk </strong></p>



<p class="has-medium-font-size">Vitor Biannk no programa Papo em Dia, com a apresentadora Gisele Alves, mostra as tendências de looks para festas de final de ano, da loja Brilho Mesquita da empresária Flávia Reis, para Vi MAGAZINE., Confira: </p>



<p></p>



<figure class="wp-block-video"><video controls src="https://vimagazine.com.br/wp-content/uploads/2023/12/WhatsApp-Video-2023-12-14-at-12.45.35.mp4"></video></figure>



<p></p>



<p></p>



<p></p>



<p></p>



<figure class="wp-block-video"><video controls src="https://vimagazine.com.br/wp-content/uploads/2023/12/WhatsApp-Video-2023-12-03-at-13.43.19-1.mp4"></video></figure>



<figure class="wp-block-video"><video controls src="https://vimagazine.com.br/wp-content/uploads/2023/12/WhatsApp-Video-2023-12-03-at-16.47.39-1.mp4"></video></figure>



<p class="has-text-align-center"><strong>Vitor Biannk na cobertura da edição São Paulo Pocktet Fashion Show &#8211; do curso de moda da Estácio de Sá, com Silvio Pompeu que é produtor, catwalk coach, palestrante e preparador do miss e mister Brasil.&nbsp;</strong></p>



<figure class="wp-block-video"><video controls src="https://vimagazine.com.br/wp-content/uploads/2023/12/WhatsApp-Video-2023-12-03-at-17.13.55.mp4"></video></figure>



<p class="has-text-align-center"><strong>Vitor Biannk entrevista a modelo Sthephany &#8211; que fez sua estreia na passarela do evento de moda da Estácio de Sá. @vi_magazine_</strong></p>



<figure class="wp-block-video"><video controls src="https://vimagazine.com.br/wp-content/uploads/2023/12/WhatsApp-Video-2023-12-03-at-17.51.55.mp4"></video></figure>



<p class="has-text-align-center"><strong>Vitor Biannk a convite da Vi MAGAZINE na cobertura do evento de moda da Estácio de Sá</strong> &#8211; São Paulo </p>
